 is the units digit of w(-7)?
2
Suppose 0 = z + 2*q - 27, 2*q + 21 = z + 6. Let l(v) = -v**2 + 21*v - 20. Let o be l(z). What is the tens digit of (-19)/((-2)/(o/(-2)))?
9
Let b(s) = 3*s + 6. Let j(a) = -a - 1. Let k(r) = -2*b(r) - 10*j(r). Let l be k(3). Suppose l*u - 425 - 285 = 0. What is the tens digit of u?
7
Let m(i) = 107*i - 38. Suppose -n - 11*n + 72 = 0. What is the units digit of m(n)?
4
Let z(n) = -44*n**3 + 20*n**3 - 10*n + 25*n**3 - 11 + 7*n**2. Let k be z(-8). Suppose 0 = k*a + w - 764, -4*w = 2*a + 2*a - 608. What is the units digit of a?
3
Let s(h) = -h**2 - 4*h + 1. Let x = 9 - 11. Let q be s(x). Suppose -4*v + 470 + 385 = -3*k, -v + 185 = q*k. What is the hundreds digit of v?
2
Let c(b) = 2*b + 30. Let f be c(-15). Suppose 5*m + k - 33 = f, -m + 21 = 3*m - k. What is the units digit of (-1)/(6/(-160)) + 2/m?
7
Suppose -5*g = 3*q + 17, -2*g = -7*q + 3*q - 66. Let p = 120 - 51. Let n = q + p. What is the tens digit of n?
5
Suppose -q = b + 94, 0 = -3*b - b + 4*q - 416. Let g = b - -398. What is the tens digit of g?
9
Let l be (-15)/6*16/(-5) + -3. Suppose -11 = -5*c + 2*y - y, -l*c + 14 = -4*y. Suppose 4*w = c*x - 69 - 11, 2*x = -5*w + 116. What is the tens digit of x?
4
Let n = 81751 - 55794. What is the hundreds digit of n?
9
Let s(m) = 4*m - 20. Let q be s(6). Suppose 0 = 2*l + 2*t, q*t + 12 = -l - 3. Suppose 0 = 8*f + l*f - 1027. What is the units digit of f?
9
Let p(b) = -b**3 - 4*b**2 + b + 7. Let v be p(-4). Let l be (-1)/(v/9) + 5*495. What is the units digit of l/28 + (-4)/14?
8
Let b = 72 + -74. Let j = b + 25. Suppose j*h = 18*h + 780. What is the tens digit of h?
5
Let o = 362 - 352. Suppose -49*f + o*f + 33930 = 0. What is the tens digit of f?
7
Suppose q = -4*r + 40, -8*q = -11*q - 5*r + 127. What is the units digit of 1661/q - (-3)/12?
8
Let a = 353 + -519. Let h = 1166 + a. What is the units digit of h?
0
Let v(r) = 222*r - 30. Let p be v(2). Let w = 933 - p. What is the tens digit of w?
1
Let b be 3/(-4) - (-660)/176. What is the tens digit of 307 + (b/6 - (-6)/4)?
0
Let s = -527 - -534. Suppose 127 - 589 = -s*k. What is the tens digit of k?
6
Suppose 20 = -4*a, 3*z + 3*a - 2*a + 5 = 0. Let n(i) = i**2 - 40*i + 424. Let b be n(26). Suppose q - 5*k = z, 2*k + k + b = 3*q. What is the units digit of q?
5
Suppose -w + 4*p = w, 0 = -w + p. Let t(n) = -n**3 + 10*n + 559. What is the tens digit of t(w)?
5
Suppose -26*q - 570 = -41*q. Suppose -2*k = 3*r - 227, r - 76 = -k + q. What is the tens digit of k?
1
Let s be (-2 + 346/(-14) - 1)*-7. Suppose -8543 = -23*g - s. What is the hundreds digit of g?
3
Let q = 32 + -71. Let h = q - -52. Suppose -3*c = -h*c + 1140. What is the units digit of c?
4
Let j be (-187)/(-55) - 4/10. Suppose 12 = -g - j*p, g = -g + 5*p + 20. Suppose y - 5*x - 88 + 17 = g, -5*y - 4*x + 355 = 0. What is the units digit of y?
1
What is the ten thousands digit of (-2141600)/(-40) - (7 + -19)?
5
Suppose -157*x + 162*x + y - 24975 = 0, -4*x = -2*y - 19994. What is the units digit of x?
6
Let r(j) = 31*j**2 - 3*j + 4. Let w be r(-4). Suppose -17*f + 5*f - 3192 = 0. Let d = w + f. What is the units digit of d?
6
Let h = 30123 - 5771. What is the thousands digit of h?
4
Let i(m) = 20*m**2 + 29*m + 1013. What is the thousands digit of i(-20)?
8
Suppose u + 2*u = 15. Suppose -u*n + 20 = -0*n. Suppose n*j - 249 = 31. What is the units digit of j?
0
Suppose 40708 + 1350 = 17*j. Suppose -2*v - j = -5*r, r + 3*v + 500 = 2*r. What is the tens digit of r?
9
Let x(k) = k**2 - 120. Let n = -135 - -101. What is the tens digit of x(n)?
3
Let d = 100 - -5. Let c be (-21)/d - 629/5. Let v = -61 - c. What is the units digit of v?
5
Let o = -4264 - -17428. What is the tens digit of o?
6
Let w = -3380 - -3614. What is the tens digit of w?
3
Let i = -76 - -88. Let v be i/27 - (-4)/(-9). Suppose -10*n + v*n = -310. What is the tens digit of n?
3
Suppose -2*l - 173*h = -172*h - 7962, -8 = 2*h. What is the thousands digit of l?
3
Let o(m) = -21*m + 165. Let n be o(7). What is the hundreds digit of ((-6)/n)/(5 + (-133746)/26748)?
4
Let h(n) = n**3 - 13*n**2 + 72*n - 10. Let g be h(8). Suppose 4*d - 2*m = -0*d + g, -172 = -3*d - m. What is the tens digit of d?
5
Suppose 73056 = 2661*r - 2657*r. What is the ten thousands digit of r?
1
What is the thousands digit of (21919/4 - 10/2)*4?
1
Let x(h) = 616*h**2 + 14*h + 16. What is the thousands digit of x(-6)?
2
Let j = 18898 - -3775. What is the hundreds digit of j?
6
Suppose -18*z + 5 = -19*z. What is the hundreds digit of -23*(z + -25 + 7)?
5
Let o(l) = 407*l + 1975. What is the hundreds digit of o(37)?
0
Let b(v) = -9898*v**3 - v**2 - 13*v - 12. What is the thousands digit of b(-1)?
9
Let d = -2 - -2. Let u(w) = -w**2 - w + 408. Let c be u(d). Suppose c = 12*i - 4*i. What is the tens digit of i?
5
Let w = -16 + 19. Suppose 4*u - 18 = 5*r, 2*r + u = -w - 12. Let f = 28 + r. What is the units digit of f?
2
Suppose -7*w + 34*w = -96*w + 1795431. What is the units digit of w?
7
Let t = -220 + 2673. Suppose -8*a + t = -1091. What is the hundreds digit of a?
4
Let j be 12 + 5 + -20 - (-4)/4*122. Suppose -2 = -l - 2*u + 2, -52 = -4*l + 4*u. Suppose j = l*t - 451. What is the units digit of t?
7
Suppose -2*p + 11 = 7, -4*z - p + 7198 = 0. Suppose -14*o + 13307 = z. What is the tens digit of o?
2
Let x(i) = 2*i**2 + 10*i - 9. Let q be x(-6). Let m(c) = 63*c + 11. Let n be m(q). Suppose -4*l = -12*l + n. What is the tens digit of l?
2
Let h(z) = z + 4. Let y be h(-7). Let j(r) be the second derivative of -9*r**3/2 + 13*r**2/2 - 2*r. What is the units digit of j(y)?
4
Let i(d) = d**3 + 10*d**2 + 7*d - 13. Let n be i(-9). Suppose 6 = -2*a + n*a. Suppose -2*f - a*f = s - 75, 3*f - 63 = -3*s. What is the units digit of f?
8
Let m = 12 + 4. Let y(w) = w**3 - 8*w**2 + 7*w - 53. Let j be y(8). Suppose 0 = -k + j*k - m. What is the units digit of k?
8
Suppose -3*b - 4 = 5*v - 19, -5*b - 4*v + 25 = 0. Suppose -4*s - 3*u + 1805 = 0, 0 = 3*s - b*u - 277 - 1113. What is the units digit of s?
5
Let m be 1/3 - (-3 + 1393/21). What is the units digit of (-308)/(9/(m/14))?
4
Suppose -31*c - 224532 = -97*c. Let h = -1841 + c. What is the thousands digit of h?
1
Let o = -917 - -561. Let d = o - -778. What is the hundreds digit of d?
4
Let w(i) = 885*i - 10. Let y be w(2). Suppose 587 = -17*b + y. What is the tens digit of b?
6
Let z(i) be the first derivative of i**4/4 + 7*i**3/3 - i**2 - 19*i - 33. What is the units digit of z(-5)?
1
Suppose -17 = 4*o - 5*l, 3*l = o + 9 + 4. What is the tens digit of (-45)/(-9) + 376 + o?
8
Let h = -216 + 5453. What is the units digit of h?
7
Let l(c) = 533*c - 15. Let t be l(2). Let j = t - 279. What is the hundreds digit of j?
7
Let k = 369 - 377. Let q be (-4)/14 + (-31260)/(-140). What is the tens digit of q + -1 - (-32)/k?
1
Suppose 2*h - 7*h = 4*y - 13015, h + 9785 = 3*y. Let u be -2 - 5/((-25)/y). Let f = u - 383. What is the units digit of f?
7
Let r(p) = -5*p**3 - 4*p**2 + 5*p. Let d be r(1). What is the tens digit of 462 - -21 - d/6*-3?
8
Suppose -5*o = -19 - 1. Let v(l) = o*l - 14*l + 3*l + 6 - l**2. What is the tens digit of v(-3)?
1
Suppose -6*a + 70 = 52. Suppose -4*d + 6*t = t - 1627, 0 = a*d - 4*t - 1220. What is the units digit of d?
8
Suppose -5*p = 3*m - 26245 - 39424, -4*m + 87550 = -2*p. What is the units digit of m?
8
Let z = -4118 - -4158. What is the tens digit of z?
4
What is the units digit of (565 - -9495)/((-2)/(-4))?
0
Let t = 2620 + -1345. Let d = t + -731. What is the units digit of d?
4
Let y(w) = -22*w**2 - 5*w - 4. Let z be y(-1). Let s be (-2 - 5/(-3)) + (-2191)/z. Suppose -52 = a - s. What is the tens digit of a?
5
Suppose -4*m + 5 = 5*x - 34, 3*m - x - 34 = 0. Let i be m + ((-5)/5 - 2). Suppose 7*w + 100 = i*w. What is the tens digit of w?
0
Suppose -4*t = -10*t + 30. What is the tens digit of ((-1334)/6 + t)*-3?
5
What is the tens digit of (7/((-42)/(-878)))/(6/180)?
9
Suppose 0 = 17*l - 7*l - 3390. Let i = 1411 - l. What is the tens digit of i?
7
Suppose 177 + 18 = -3*d. Let f = 144 - d. What is the hundreds digit of f?
2
Let d(j) = j**3 + 12*j**2 - 14*j - 15. Let s be d(-9). Suppose -2*k - 2*y = -s, y = 2*k - 198 - 153. What is the tens digit of k?
7
Suppose -249*r - 632934 = -303*r. What is the tens digit of r?
2
Suppose 3 